+ 19 + 4 = -s*b. Let a(x) = -5*x - 16. Is a(b) a composite number?
True
Is 17241/2 - 5/(-2)*1 a composite number?
False
Suppose 12*d - 862507 = -249583. Is d prime?
False
Suppose i = -4*q + 2513, 0*i - 4*q = -4*i + 10132. Suppose -3*a = 4*z - i + 6302, 0 = 3*z + 4*a + 2835. Let b = z + 1908. Is b prime?
True
Let z(i) = -2*i**3 + 13*i**2 + 2*i - 44. Is z(-11) a composite number?
True
Let n be (558/(-8))/(-1 - (-5)/8). Let a = 517 - n. Is a prime?
True
Let u = 92 + -96. Is u/2*206/(-4) a composite number?
False
Let w(a) = -a**2 + a. Let v(n) = -3*n**3 + 2*n**2 - 3*n - 1. Let h(f) = v(f) + 2*w(f). Is h(-1) a prime number?
True
Let o(z) = 4147*z + 58. Is o(13) prime?
False
Let a(v) = -v**3 + v**2 - 6*v - 2. Let l be a(-5). Let j = 449 - l. Is j a composite number?
False
Let q be (-4)/(-12) + 6832/(-12). Let v = -206 - q. Suppose 0 = -4*m + 3*i + 441, 4*m + 4*i = v + 85. Is m a prime number?
False
Let v(n) = -n**3 - 4*n**2 - 2*n + 3. Let s be v(-3). Suppose -j - 4*z + 665 = -s*j, -4*j = -z - 2677. Is j prime?
False
Let g = 196962 - 140591. Is g composite?
True
Is (-2587)/(-4) + 8/32 a composite number?
False
Let g be (-7)/(252/(-8)) + 129/27. Suppose 4*h + g*l + 56 = 6*h, 0 = h - l - 31. Is h composite?
True
Suppose -2*j + 0*j = 6. Let m be 2/(j - (-2787)/927). Suppose -8*c = -5*c - m. Is c composite?
False
Is ((-9274)/(-4) - 2)/((-10)/(-20)) a prime number?
False
Is -40658*(-6)/(5 + 7) composite?
True
Let j(l) = -187*l**2 + 5*l - 14. Let f be j(4). Let y = -947 - f. Is y prime?
True
Let c(t) = -t**2 - 19*t - 24. Let i be c(-17). Let z(a) = 5*a - 7*a + i - 19*a. Is z(-7) composite?
False
Let j(g) = 237*g**2 - 255*g - 1. Is j(-11) composite?
False
Let u(r) = r**2 - 5*r - 2. Let l be u(6). Suppose 5*v - v = -3*i + 312, 0 = -2*i + l*v + 188. Suppose 88 + i = 4*s. Is s a composite number?
False
Suppose 0 = -2*p - j - 2*j - 13, 5*p = j - 7. Let l be (-72)/(-30) - p/(-5). Suppose -5*o = 0, -l*k = 5*o - 258 - 160. Is k a composite number?
True
Suppose -5*n - 9 = -3*p, 3*n = 2*p - 8 + 2. Suppose -4*u - 10588 - 5120 = n. Is ((-1)/3)/(7/u) a composite number?
True
Let w be 2/(-9) - (-1348)/(-9). Let z = 344 + w. Suppose 4*q = 2*q + 2, -z = -5*a + q. Is a prime?
False
Let b(g) = -g**2 - 9*g + 1. Let r be b(-9). Is 4 - 6/r - -221 a composite number?
True
Let d = 349 + -140. Is d composite?
True
Let q(g) = -g**2 - 2*g. Let t be q(-4). Is (-2)/t - 235/(-4) prime?
True
Let y = 3624 + -2264. Is (-11 + 5)/(-6) + y prime?
True
Suppose 2*l = 4*y + 17694, -3 = -2*y - 1. Is l composite?
False
Let a = 7045 + -10843. Is ((-2)/4)/(9/a) a composite number?
False
Is (-1259296)/(-192) + (-2)/(-12) a prime number?
False
Suppose -7*o = -2*o - 20. Suppose 9*p - o*p = -475. Let c = 138 - p. Is c composite?
False
Suppose 0*l = -4*s + 4*l + 184, 2*s - 4*l - 92 = 0. Suppose s + 78 = 4*k. Is k composite?
False
Let s = -26 + -25. Let r = 214 + s. Is r a composite number?
False
Suppose 4*p - 4*d = 36, p + d + d - 9 = 0. Suppose p = 5*f - 1. Is ((-2)/f)/((-2)/106) a composite number?
False
Let p = 92 - 92. Suppose 2*g + p*u - 4990 = u, u = 4. Is g composite?
True
Suppose -l = 5, -5*y + 4*l + 24215 = 2*l. Is y a prime number?
False
Let l(p) = p**2 + p + 1. Let k(z) = 73*z**2 + 12*z - 9. Let g(r) = k(r) - 2*l(r). Is g(6) a composite number?
True
Let t(d) = -1112*d + 961. Is t(-30) prime?
False
Let g(j) = 45*j**2 - 4*j - 4. Let i = -6 - -3. Let u = i - 0. Is g(u) a composite number?
True
Suppose 0*g = g - 2*l, 5*l = -3*g - 33. Let s be (-12)/g*858/4. Let h = -238 + s. Is h prime?
True
Let g(t) = -t**3 + 9*t**2 - 7*t - 8. Let a be g(8). Suppose 5*v - v = a. Is v/(2 - -2) + 57 a prime number?
False
Let k(v) = v**2 - v + 1. Let u(o) = 2*o**3 - 11*o**2 + 32*o + 20. Let t(z) = -4*k(z) + u(z). Is t(11) a composite number?
False
Let o be (-174)/45 + -1 - 2/15. Is (3 + o)*(-141)/2 a composite number?
True
Let c be 2/(-8)*(-24)/3. Let a be (-1*4)/c - -91. Suppose -z = 5*p - a, 4*z = 2*z + 3*p + 126. Is z composite?
True
Is (4306/(-12))/(13/(-78)) a composite number?
False
Let u(i) = i + 7591. Is u(0) a prime number?
True
Let i(u) be the second derivative of -3*u**3 + u**2/2 - 10*u. Is i(-1) composite?
False
Let k(d) = -8*d - 7*d - 2 + 3. Is k(-14) a composite number?
False
Let j = -1972 + 3533. Is j a prime number?
False
Let x = 20880 - 7499. Is x prime?
True
Suppose 0 = -5*i - 5*m + 2247 + 888, -5*m + 1242 = 2*i. Is i prime?
True
Let q be (-5)/(-10)*(-10)/(-1). Suppose -q*x = -0*x - 415. Is x composite?
False
Let b(u) = 11*u**2 - 5*u - 21. Let y be b(8). Suppose -1153 = -4*k + y. Is k prime?
True
Let p(y) = y**2 + 6*y + 3. Let r be p(-5). Let x(u) = -20*u**3 + u**2 + 3*u + 3. Let s be x(r). Let n = s - 78. Is n composite?
False
Let u be (-1)/((-2)/48*-4). Is 415/1*(-6)/u prime?
False
Let o(b) be the third derivative of b**6/120 - b**5/15 - b**4/24 + b**3/3 + 3*b**2. Let a be o(4). Is 147 - a/3*3 composite?
False
Suppose -h = h. Suppose 5*z - 268 - 307 = h. Is z a prime number?
False
Suppose -1251 = -5*f - l, -3*f = 4*l - 438 - 299. Is f a prime number?
True
Let r(f) = 233*f**2 - 4*f + 6. Let n be r(-4). Suppose 5*b = -4*g + 3741, -3*b + b + n = 4*g. Is g a prime number?
False
Let j = 58 - 162. Is 37*-4*j/32 a composite number?
True
Is 59020/24 - (-17)/(-102) a prime number?
True
Let v = 0 + 5. Is 579 - v/((-10)/8) a prime number?
False
Suppose 7 + 13 = -5*k, -k = y - 2517. Is y composite?
False
Suppose 4*i - 30 = -i. Let w(z) = 12 - 5 + 12 - i + 24*z. Is w(8) prime?
False
Let m(o) = o**3 + 11*o**2 + 7*o - 14. Let w be m(-6). Let h = -39 + w. Is h composite?
True
Suppose -4 = -3*b + 11, 5*b = -5*g + 70. Suppose -1491 = -3*w + 5*a - g*a, -4*w + 2*a + 1966 = 0. Is w prime?
False
Let p = -18453 - -33760. Is p a prime number?
True
Let o = 65 + -41. Suppose 23*z + 123 = o*z. Is z a composite number?
True
Is -2 + 7548 - (-7 + 15) prime?
False
Let n(j) = 207*j**3 + j**2 - 10*j + 5. Is n(4) composite?
False
Let g(a) = -14*a**3 - 13*a**2 - 58*a - 4. Is g(-5) prime?
False
Let r = -4340 - -8161. Is r composite?
False
Let h = -3248 - -8619. Is h prime?
False
Suppose -44*o + 163931 = -119385. Is o composite?
True
Is 1/((-2)/(-81760)) + 1 prime?
False
Let q be 1/9*6*(-18)/(-2). Suppose 2*r - 2606 = -5*o, 5*r + q*o - 6485 = o. Is r composite?
True
Suppose 4*p + 3*b - b = 818, p = 4*b + 191. Is p prime?
False
Let g(l) = 6*l**2 + 4*l - 3. Suppose 2 - 7 = z. Is g(z) a prime number?
True
Let m(n) = -59*n**2 + 2*n + 6. Let t(l) = 117*l**2 - 4*l - 11. Let j(o) = 7*m(o) + 4*t(o). Suppose 5*d + 2*u = 7*u + 30, 2*u = -8. Is j(d) a prime number?
False
Suppose 2*n + 4 = 2*y - 6, y - 7 = 2*n. Suppose 0 = 4*i + p - 21, -3*p + 6*p - 3 = y*i. Suppose -m + i*h = -46, -m + 2*h + h = -41. Is m a prime number?
False
Let g = -15 - -32. Is 147 + 1 - (-17)/g a prime number?
True
Suppose 11*l - 15314 - 6125 = 0. Is l composite?
False
Let a = 16 - 11. Let i(z) = -2 - 1 + z**2 - 8 + a*z - 18*z. Is i(14) a composite number?
False
Suppose 9*d + 42 = -5*d. Is (-6 - d - -746)*(-2 + 3) composite?
False
Suppose 148 - 664 = 2*n. Suppose -m - 2*m = r + 1088, 386 = -m - 5*r. Let u = n - m. Is u a prime number?
True
Suppose -w = -2, -3*w + 5369 = 5*l - 6147. Suppose -16*k + l = -6034. Is k a prime number?
True
Suppose 4*a - 35215 = 3*a - 2*g, a = g + 35212. Is a a composite number?
True
Let n(o) = 7*o**2 + 2*o - 1. Let d be n(1). Let p(u) = 3*u**2 - 7*u - 7. Let z(f) = 8*f**2 - 14*f - 14. Let k(t) = -5*p(t) + 2*z(t). Is k(d) prime?
True
Let u(w) = -15588*w + 229. Is u(-3) composite?
False
Let u = 7837 - 2506. Is u a prime number?
False
Let q(w) = -24*w**3 + 3*w**2 - 1. Let o be q(-1). Let p be (-812)/(-11) + (-4)/(-22). Is ((-91)/o)/((-1)/p) a prime number?
False
Suppose 5*w - c + 10 - 67 = 0, 4*w = c + 46. Let k = -5 + w. Suppose 4*i = -s + 759, 3*s - k*s = i - 176. Is i a composite number?
False
Let l = -13793 + 26670. Is l prime?
False
Let u = 18431 + -12462. Is u prime?
False
Suppose 2*r = -q + 2211, -r = -2*q + 3*r + 4462. Is q composite?
False
Let f be 10*(-1 - (-9)/2). Suppose 0 = -3*p - 3*b - 132 + 39, 3*b = p + f. Is 52/p*14*-4 prime?
False
Let f(x) = -x**3 + 5*x + 3. Let i be f(-3). Let j be i/(-30) + 5/2. Suppose j*h - 15 = 215. Is h a prime number?
False
Suppose -3*q + 2*t = -2*t - 9, q - 3*t = -2. Let b(n) = 3 - 14 + q + n**2. I